?
False
Suppose 2*g - g = 5. Let w(v) be the second derivative of v**5/20 - 5*v**4/12 + v**3/3 + 3*v**2 + 3*v. Does 7 divide w(g)?
False
Let z = -8 + 8. Let n be 75 - (0/1)/2. Suppose n = -z*g + 5*g. Does 12 divide g?
False
Let t = -20 + 39. Suppose -4*u + 21 + t = 0. Is 6 a factor of u?
False
Suppose -2*c = -0*c - 18. Let f = -5 + c. Suppose l + 4*l = 20, 0 = -f*i + 2*l + 44. Does 13 divide i?
True
Suppose 11 = z + 4*x - 6*x, -z - 4*x + 29 = 0. Is 14 a factor of z?
False
Suppose 3*o - l - 96 = 0, o - 6*o = -l - 158. Let z = -5 + o. Does 21 divide z?
False
Let j be 0 + -2*1/2. Let p(z) = -6*z**3 + z**2 + z. Let c be p(j). Let v = c - 2. Is v a multiple of 2?
True
Let g be (-4)/8 + 1/(-2). Does 12 divide (5/(-3) - g)*-18?
True
Suppose 7*t = 3*t + 24. Is 2 a factor of (-1)/(-2 + t/4)?
True
Let x = -72 - -33. Let h = -14 - x. Is 9 a factor of h?
False
Let h be 9/(-15) + (-632)/5. Let l = 181 + h. Is 14 a factor of l?
False
Suppose -j + s + 24 = -27, 2*s = -5*j + 234. Does 8 divide j?
True
Suppose 234 = 4*v - v. Is 13 a factor of (-5 - -3)/(-6)*v?
True
Let a be (-22)/(11/(-5) + 2). Let n = a - 158. Is 18 a factor of 1 + n/(-3) + 2?
False
Let l = 119 + -54. Suppose -h + 103 = 5*j, 0 = -j + 5*j - 5*h - l. Is j a multiple of 8?
False
Suppose 0 = 3*y + 15, 2 = 2*c + y + 1. Suppose -4*k + c*p = -23 - 97, 4*p - 181 = -5*k. Suppose -k = -3*l - 3*r + 6*r, -4*r = l + 14. Does 6 divide l?
True
Let l be 2*2/(-4) + 123. Let n be l/4 + (-9)/18. Suppose -2*w - 3*w = -n. Does 2 divide w?
True
Let j(a) = 63*a**3 - a**2 - 2*a - 1. Let h be j(-1). Is 7 a factor of (-2)/7 - 2790/h?
False
Let g be -1*((-6)/2 + 3). Suppose m - 4*y - 18 = 0, m + 0*m + 4*y - 18 = g. Is m a multiple of 9?
True
Suppose -3*h + 685 = 4*s + 31, 4*s - 640 = 4*h. Does 18 divide s?
True
Let p be ((-4)/6)/(2/(-9)). Suppose -3*i - 4*c + 187 = -0*c, -4*c = -p*i + 155. Does 13 divide (i/(-9))/((-2)/6)?
False
Suppose -4*z = -17 - 3. Suppose 5*v + 38 - 118 = 0. Suppose 4*w = z*d + 80, 2*d = -2*d - v. Does 15 divide w?
True
Suppose -4*o - 4*g + 28 = 0, 2*o + 0*o + 10 = 4*g. Suppose -87 = 5*c - r + 60, -3*r = o*c + 81. Let k = -13 - c. Is k a multiple of 8?
True
Let v be (33 - 5)*(-1)/(-2). Suppose -v + 5 = -3*d. Let s = 16 - d. Does 6 divide s?
False
Suppose 0 = -4*l - t + 103 + 100, 99 = 2*l + t. Does 26 divide l?
True
Let y be ((-20)/(-25))/(1/5). Suppose 3*r + y*z + 7 = 33, 3*r = -3*z + 30. Does 4 divide r?
False
Suppose -2*o = -p + 1, 3*p - 4 = 5*o - 1. Suppose 3*c - t = 9, o*c - t = -4*c + 11. Suppose -c*j - 5*y = -j, -3*y = 12. Is 9 a factor of j?
False
Suppose 0 = -j + 3*j - 12. Is 4 a factor of (-58)/(-6) - 4/j?
False
Let p(t) = -2*t**2 + 3 + 1 - 2*t - t**2 - t**3. Let q(u) = u**3 - 6*u**2 - u + 3. Let r be q(6). Is p(r) a multiple of 8?
False
Let s(p) = 5*p**2 + 6*p. Is 19 a factor of s(-5)?
True
Suppose 0 = -2*s + 3*g + 89 + 44, -3*s + g = -182. Is s a multiple of 19?
False
Let y be ((-96)/(-5))/4*5. Suppose 2*i = m - 3*i - y, -m + 24 = -i. Does 12 divide m?
True
Suppose 0 = -4*k + 8, -4*c - 2 = -k - 12. Suppose i = -c*i + 12. Is i even?
False
Let c(b) = 4*b**2 - 10*b - 3. Let s be c(7). Suppose s + 57 = 3*n. Is 15 a factor of n?
True
Suppose 5*o = -3*t + 57, -t + 0*t + 33 = -3*o. Let d be 40/t - (-2)/(-3). Let j(f) = 27*f**3 + 2*f - 1. Is j(d) a multiple of 23?
False
Let o(z) = -z**2 + z + 51. Does 12 divide o(0)?
False
Let q(v) be the third derivative of -1/30*v**5 + 1/60*v**6 - 1/6*v**3 + 0 + 0*v + v**2 + 1/8*v**4. Is 13 a factor of q(2)?
True
Let y be 9/((-2)/16*-3). Is y/(1 + 1) + -3 a multiple of 8?
False
Is (-1)/2 - (-1122)/4 a multiple of 56?
True
Suppose -3*u + 31 = -o, 4*o + 102 = -0*u + u. Suppose 0 = h - z - 4*z + 22, -4*h - 3*z = 42. Let n = h - o. Is 6 a factor of n?
False
Let z(x) = -2*x**2 - 19*x + 10. Does 15 divide z(-7)?
True
Does 13 divide (-464)/(-7) + 30/(-105)?
False
Suppose 0*u = -4*u + 16. Suppose 0*k + 8 = -u*k + 4*z, 2*k = 4*z - 8. Suppose k = -5*p + p + 92. Is 9 a factor of p?
False
Let f be 3/2*(-16)/(-6). Is (-70)/f*(1 - 3) a multiple of 12?
False
Is 3 a factor of 4 - 14/4 - (-62)/4?
False
Let a(z) = 4*z + 6. Is 9 a factor of a(5)?
False
Let f(g) be the second derivative of -2*g**3/3 + 2*g**2 + 8*g. Let i = -9 + 5. Does 13 divide f(i)?
False
Let d(c) = 5*c**2 - 3*c + 3. Let y be d(6). Suppose -3*b - 51 = -t, 3*t + 3*b - y = -2*t. Does 18 divide t?
True
Let f be ((-3)/(-2))/((-1)/(-2)). Suppose 2*n - 23 = -3*a - 3, -f*a - 12 = 0. Is 16 a factor of n?
True
Let j = 6 + -2. Let w be (-4)/j - (0 + -3). Suppose 2*o = -3*x + 47, w*o + o = 5*x + 99. Does 11 divide o?
False
Let i(p) be the second derivative of -p**5/20 - p**3/3 - p**2 - p. Suppose 0*f = -f - 2. Is 10 a factor of i(f)?
True
Suppose -3*j + 396 = 4*v - 309, -700 = -4*v - 4*j. Does 36 divide v?
True
Suppose -2*c + 2*v + 16 = 5*v, 0 = -3*v - 6. Does 11 divide 0/(1 + 0) + c?
True
Suppose -16*k = -11*k. Suppose k = 4*l - 2*s - 82, 106 = 5*l - s + 2*s. Is 7 a factor of l?
True
Suppose 0 = -3*j - 369 + 72. Does 10 divide (j/(-12))/(6/16)?
False
Let s(b) = 0*b**2 + 2 + 0 - b**2 + 12*b + 3. Is 8 a factor of s(8)?
False
Suppose 2*k + 0*k - 4 = 0. Let l be (-3)/k - 2/(-4). Is 19 a factor of l/(-7) - (-160)/7?
False
Let b = -36 - -58. Let m = b + -6. Is m a multiple of 7?
False
Let l = 3 - 0. Does 8 divide -5*(12/(-20) - l)?
False
Suppose 4*z = -5*q - 123, -3*q = -5*q + z - 44. Let p = -11 - q. Is 8 a factor of (4/(-3))/((-2)/p)?
True
Let i be ((-2)/4)/((-1)/2). Suppose -2*p + i = -p. Suppose -o + 21 = -3*u + p, -4*o = -u - 80. Is o a multiple of 10?
True
Let q = -16 + 40. Is q a multiple of 4?
True
Let x = -6 - -8. Suppose j - 11 = -5*f - 0*j, -x*j - 14 = -2*f. Is f a multiple of 2?
False
Suppose -4*i = -144 - 32. Suppose 4*c + 4*l - i = -c, -5*l - 44 = -2*c. Suppose 0 = -o + c + 2. Does 6 divide o?
False
Let y(u) = -u**2 + 4*u - 4. Let r be y(3). Is 13 a factor of 40 - ((-4)/r - 2)?
False
Suppose 228 = 4*i - 2*i + 4*l, 5*i = -3*l + 591. Does 12 divide i?
True
Let v = -22 - -43. Is 4 a factor of v?
False
Let h(c) = c**3 + 2*c**2 - c. Let l be h(-2). Let q be (-16)/(3*l/12). Let g = q - -53. Is g a multiple of 16?
False
Suppose -270 = -2*h - 5*l, 109 = -2*h + 3*h - 4*l. Is h a multiple of 25?
True
Let k(u) = u**3 + 8*u**2 - 21*u + 22. Does 16 divide k(-10)?
True
Suppose -2*t - 3 = 3*d - 2*d, -3 = -2*t + 5*d. Let m(g) = 55*g**2 + 1. Does 28 divide m(t)?
True
Suppose 5*s - 5*n = 85, -4 + 3 = 2*s + 5*n. Let q be 1/(-3) - (-244)/s. Suppose 5*u = -c + 13, u + q = c - u. Is c a multiple of 9?
True
Let w(y) = 2 - 3 + 8 + 9. Let n(g) = -g - 1. Let o(z) = n(z) + w(z). Is 4 a factor of o(11)?
True
Let l = -10 - -12. Suppose -l*o = 3*r - 60, -5*r - 3*o - o + 100 = 0. Is 10 a factor of r?
True
Let g(n) = 4*n**2 - 6*n - 6. Let u be g(-4). Let s be u/7 - 2/(-7). Suppose -k + 3*k = s. Is 6 a factor of k?
True
Let y(a) = -a**2 - a + 4. Let k(u) = u**2 + 2*u - 3. Let r(g) = -3*k(g) - 4*y(g). Suppose -x + 2 + 3 = 0. Does 3 divide r(x)?
False
Let t(b) = -b. Let j be t(-4). Suppose -j*o + 4*a + 24 = 0, o + 4*o - a - 26 = 0. Suppose 3*q - o*v = 2, 0*v = -q - 2*v + 19. Is 9 a factor of q?
True
Suppose -111 = -2*v - 27. Is 9 a factor of v?
False
Let a(g) be the second derivative of -g**6/120 + g**5/12 + g**4/12 + g**2 + g. Let z(l) be the first derivative of a(l). Does 12 divide z(3)?
True
Let u(t) = -t**3 + 3*t**2 + 9*t + 3. Is 10 a factor of u(-4)?
False
Let t(p) = -p - 4. Let v(c) = -3*c - 12. Let j(d) = -7*t(d) + 2*v(d). Does 2 divide j(0)?
True
Let s(f) be the third derivative of -f**4/6 - 2*f**3/3 - f**2. Is s(-4) a multiple of 6?
True
Let s = 6 - 6. Does 13 divide (13*2)/(s + 1)?
True
Let j(b) = -b - 11 + 33 + 53 - 5. Does 14 divide j(0)?
True
Let o = 106 + -4. Is 5 a factor of o?
False
Suppose 5*x - w - 212 = 0, 0 = 4*x - 4*w + 7*w - 162. Is 14 a factor of x?
True
Let c be (-3 + 2)/(2/(-6)). Is 8 a factor of (-64)/(-6) - (-1)/c?
False
Let k = -15 - -16. Suppose m - 16 = k. Is m a multiple of 5?
False
Let o = 16 - 11. Suppose 3*j - 226 + 29 = o*h, j - 67 = 3*h. Does 13 divide j?
False
Is 2 + ((-1160)/(-5))/4 a multiple of 20?
True
Let j(f) = f**2 + f + 12. Is 17 a factor of j(9)?
True
Suppose 0 = -5*m + m + 48. Is 12 a factor of m?
True
Suppose 966 = 17*d - 3*d. Is d a multiple of 32?
False
Suppose -t - 12 = 4*w, -5*t - 2*w + 12